{"id":877,"date":"2023-06-19T19:57:02","date_gmt":"2023-06-19T19:57:02","guid":{"rendered":"https:\/\/webredox.net\/demo\/wp\/artefact\/multi\/light\/demo1\/?page_id=877"},"modified":"2026-02-08T21:07:10","modified_gmt":"2026-02-08T21:07:10","slug":"aftercare","status":"publish","type":"page","link":"https:\/\/arthorium.de\/index.php\/aftercare\/","title":{"rendered":"Aftercare"},"content":{"rendered":"\t\t<div data-elementor-type=\"wp-page\" data-elementor-id=\"877\" class=\"elementor elementor-877\" data-elementor-post-type=\"page\">\n\t\t\t\t\t\t<section class=\"elementor-section elementor-top-section elementor-element elementor-element-3655203a elementor-section-full_width elementor-section-height-default elementor-section-height-default\" data-id=\"3655203a\" data-element_type=\"section\" data-e-type=\"section\">\n\t\t\t\t\t\t<div class=\"elementor-container elementor-column-gap-no\">\n\t\t\t\t\t<div class=\"elementor-column elementor-col-100 elementor-top-column elementor-element elementor-element-769163df\" data-id=\"769163df\" data-element_type=\"column\" data-e-type=\"column\">\n\t\t\t<div class=\"elementor-widget-wrap elementor-element-populated\">\n\t\t\t\t\t\t<div class=\"elementor-element elementor-element-573782d elementor-widget elementor-widget-artefact-banner-image\" data-id=\"573782d\" data-element_type=\"widget\" data-e-type=\"widget\" data-widget_type=\"artefact-banner-image.default\">\n\t\t\t\t<div class=\"elementor-widget-container\">\n\t\t\t\t\t\t\t\n\t<!-- Header Banner -->\n\t<header class=\"header\">\n\n\t\t\t\t<div class=\"banner-header full-height section-padding valign bg-img bg-fixed text-left\" data-overlay-dark=\"4\" data-background=\"https:\/\/webredox.net\/demo\/wp\/artefact\/multi\/light\/demo1\/wp-content\/uploads\/2023\/06\/7.jpg\">\n\t\t\t\t\t\t\t\t\t\t\t\t<div class=\"container\">\n\t\t\t\t\t<div class=\"row\">\n\t\t\t\t\t\t<div class=\"col-md-6 offset-0\">\n\t\t\t\t\t\t\t<div class=\"caption\">\n\t\t\t\t\t\t\t\t\t\t\t\t\t\t\t\t<h5><a href=\"https:\/\/arthorium.de\/\">Home<\/a> \/ Aftercare<\/h5>\n\t\t\t\t\t\t\t\t\t\t\t\t\t\t\t\t\t\t\t\t\t\t\t\t\t\t\t\t\t\t\t\t<h1>Tattoo & Piercing Pflege<\/h1>\n\t\t\t\t\t\t\t\t\t\t\t\t\t\t\t\t\t\t\t\t\t\t\t\t<hr>\n\t\t\t\t\t\t\t\t<p>\nHier erkl\u00e4ren wir dir die richtige Pflege,  f\u00fcr dein Tattoo und dein Piercing.\nMit der passenden Nachsorge heilen beide sauber ab und bleiben langfristig sch\u00f6n.<\/p>\n\t\t\t\t\t\t\t\t\t\t\t\t\t\t\t\t\t\t\t\t\t\t\t<\/div>\t\t\t\t\t\t\n\t\t\t\t\t\t<\/div>\t\t\t\t\t\t\n\t\t\t\t\t<\/div>\n\t\t\t\t<\/div>\n\t\t\t\t\t\t\n        <\/div>\t\t\t\n\t<\/header>\t\t\n\t\t\n    \t\t\t\t<\/div>\n\t\t\t\t<\/div>\n\t\t\t\t<div class=\"elementor-element elementor-element-341cbb2c elementor-widget elementor-widget-artefact-vertical\" data-id=\"341cbb2c\" data-element_type=\"widget\" data-e-type=\"widget\" data-widget_type=\"artefact-vertical.default\">\n\t\t\t\t<div class=\"elementor-widget-container\">\n\t\t\t\t\t\t\t\n\t\t\t\t<!-- hr -->\n        <hr class=\"line-vr-section\">\n        \t\t\t\t\t\n\t\t\t\n        \t\t\t\t<\/div>\n\t\t\t\t<\/div>\n\t\t\t\t\t<\/div>\n\t\t<\/div>\n\t\t\t\t\t<\/div>\n\t\t<\/section>\n\t\t\t\t<section class=\"elementor-section elementor-top-section elementor-element elementor-element-a10fdc5 elementor-section-boxed elementor-section-height-default elementor-section-height-default\" data-id=\"a10fdc5\" data-element_type=\"section\" data-e-type=\"section\">\n\t\t\t\t\t\t<div class=\"elementor-container elementor-column-gap-default\">\n\t\t\t\t\t<div class=\"elementor-column elementor-col-100 elementor-top-column elementor-element elementor-element-59d872c\" data-id=\"59d872c\" data-element_type=\"column\" data-e-type=\"column\">\n\t\t\t<div class=\"elementor-widget-wrap elementor-element-populated\">\n\t\t\t\t\t\t<div class=\"elementor-section elementor-inner-section elementor-element elementor-element-64d43ea elementor-section-boxed elementor-section-height-default elementor-section-height-default\" data-id=\"64d43ea\" data-element_type=\"section\" data-e-type=\"section\">\n\t\t\t\t\t\t<div class=\"elementor-container elementor-column-gap-default\">\n\t\t\t\t\t<div class=\"elementor-column elementor-col-50 elementor-inner-column elementor-element elementor-element-dd8e9c3\" data-id=\"dd8e9c3\" data-element_type=\"column\" data-e-type=\"column\">\n\t\t\t<div class=\"elementor-widget-wrap elementor-element-populated\">\n\t\t\t\t\t\t<div class=\"elementor-element elementor-element-1e267cb elementor-widget elementor-widget-artefact-image\" data-id=\"1e267cb\" data-element_type=\"widget\" data-e-type=\"widget\" data-widget_type=\"artefact-image.default\">\n\t\t\t\t<div class=\"elementor-widget-container\">\n\t\t\t\t\t\t\t\n\t\t\t\t\n\t\t\t<div class=\"sec-img team\">\n\t\t\t\t<div class=\"img\">\n\t\t\t\t\t\t\t\t\n\t\t\t\t\t<img decoding=\"async\" src=\"https:\/\/arthorium.de\/wp-content\/uploads\/2026\/02\/ChatGPT-Image-8.-Feb.-2026-18_32_43.png\" alt=\"\"> \n\t\t\t\t\t\t\n\t\t\t\t<\/div>\t\n\t\t\t<\/div>\t\n\t\t\t\n\t\t\t\t\t\n\t\t\n\t\t\t\n        \t\t\t\t<\/div>\n\t\t\t\t<\/div>\n\t\t\t\t\t<\/div>\n\t\t<\/div>\n\t\t\t\t<div class=\"elementor-column elementor-col-50 elementor-inner-column elementor-element elementor-element-022379b\" data-id=\"022379b\" data-element_type=\"column\" data-e-type=\"column\">\n\t\t\t<div class=\"elementor-widget-wrap elementor-element-populated\">\n\t\t\t\t\t\t<div class=\"elementor-element elementor-element-4c95c55 elementor-widget elementor-widget-artefact-title\" data-id=\"4c95c55\" data-element_type=\"widget\" data-e-type=\"widget\" data-widget_type=\"artefact-title.default\">\n\t\t\t\t<div class=\"elementor-widget-container\">\n\t\t\t\t\t\t\t\n\t\t\t\t\t\t\t\t<h2 class=\"section-title2 text-left\">Tattoo Pflege <\/h2>\n\t\t\t\t\t\t<div class=\"section-text text-left\"><p><h3 data-start=\"552\" data-end=\"582\"><strong data-start=\"556\" data-end=\"582\">Allgemeine Grundregeln<\/strong><\/h3><ul data-start=\"583\" data-end=\"759\"><li data-start=\"583\" data-end=\"692\"><p data-start=\"585\" data-end=\"692\">Ber\u00fchre dein frisches Tattoo oder Piercing ausschlie\u00dflich mit <strong data-start=\"647\" data-end=\"689\">sauberen, gr\u00fcndlich gewaschenen H\u00e4nden<\/strong>.<\/p><\/li><li data-start=\"693\" data-end=\"759\"><p data-start=\"695\" data-end=\"759\">Halte den behandelten Bereich stets <strong data-start=\"731\" data-end=\"756\">sauber und hygienisch<\/strong>.<\/p><\/li><\/ul><h3 data-start=\"761\" data-end=\"778\"><strong data-start=\"765\" data-end=\"778\">Reinigung<\/strong><\/h3><ul data-start=\"779\" data-end=\"998\"><li data-start=\"779\" data-end=\"858\"><p data-start=\"781\" data-end=\"858\">Reinige das Tattoo <strong data-start=\"800\" data-end=\"819\">2\u20133 Mal t\u00e4glich<\/strong> vorsichtig mit <strong data-start=\"835\" data-end=\"855\">lauwarmem Wasser<\/strong>.<\/p><\/li><li data-start=\"859\" data-end=\"941\"><p data-start=\"861\" data-end=\"941\">Verwende ausschlie\u00dflich <strong data-start=\"885\" data-end=\"938\">milde, pH neutrale und parf\u00fcmfreie Pflegeprodukte<\/strong>.<\/p><\/li><li data-start=\"942\" data-end=\"998\"><p data-start=\"944\" data-end=\"998\">Nicht reiben, nicht schrubben sanft reinigen gen\u00fcgt.<\/p><\/li><\/ul><h3 data-start=\"1000\" data-end=\"1016\"><strong data-start=\"1004\" data-end=\"1016\">Trocknen<\/strong><\/h3><ul data-start=\"1017\" data-end=\"1130\"><li data-start=\"1017\" data-end=\"1113\"><p data-start=\"1019\" data-end=\"1113\">Tupfe die Haut vorsichtig mit einem <strong data-start=\"1055\" data-end=\"1102\">sauberen Einweg Tuch oder frischen Handtuch<\/strong> trocken.<\/p><\/li><li data-start=\"1114\" data-end=\"1130\"><p data-start=\"1116\" data-end=\"1130\">Nicht rubbeln.<\/p><\/li><\/ul><h3 data-start=\"1132\" data-end=\"1146\"><strong data-start=\"1136\" data-end=\"1146\">Pflege<\/strong><\/h3><ul data-start=\"1147\" data-end=\"1340\"><li data-start=\"1147\" data-end=\"1227\"><p data-start=\"1149\" data-end=\"1227\">Trage anschlie\u00dfend eine <strong data-start=\"1173\" data-end=\"1220\">d\u00fcnne Schicht geeigneter Tattoo Pflegecreme<\/strong> auf.<\/p><\/li><li data-start=\"1228\" data-end=\"1278\"><p data-start=\"1230\" data-end=\"1278\">Weniger ist mehr die Haut soll atmen k\u00f6nnen.<\/p><\/li><li data-start=\"1279\" data-end=\"1340\"><p data-start=\"1281\" data-end=\"1340\">In den ersten Tagen regelm\u00e4\u00dfig, danach nach Bedarf pflegen.<\/p><\/li><\/ul><h3 data-start=\"1342\" data-end=\"1380\"><strong data-start=\"1346\" data-end=\"1380\">Was unbedingt zu vermeiden ist<\/strong><\/h3><ul data-start=\"1381\" data-end=\"1664\"><li data-start=\"1381\" data-end=\"1447\"><p data-start=\"1383\" data-end=\"1447\"><strong data-start=\"1383\" data-end=\"1399\">Kein Kratzen<\/strong>, keine Krusten oder Hautsch\u00fcppchen entfernen.<\/p><\/li><li data-start=\"1448\" data-end=\"1504\"><p data-start=\"1450\" data-end=\"1504\"><strong data-start=\"1450\" data-end=\"1486\">Keine direkte Sonneneinstrahlung<\/strong>, kein Solarium.<\/p><\/li><li data-start=\"1505\" data-end=\"1585\"><p data-start=\"1507\" data-end=\"1585\"><strong data-start=\"1507\" data-end=\"1556\">Kein Schwimmbad, keine Sauna, kein Meerwasser<\/strong> w\u00e4hrend der Heilungsphase.<\/p><\/li><li data-start=\"1586\" data-end=\"1664\"><p data-start=\"1588\" data-end=\"1664\">Keine stark enganliegende oder scheuernde Kleidung \u00fcber der frischen Stelle.<\/p><\/li><\/ul><h3 data-start=\"1666\" data-end=\"1687\"><strong data-start=\"1670\" data-end=\"1687\">Heilungsphase<\/strong><\/h3><ul data-start=\"1688\" data-end=\"1954\"><li data-start=\"1688\" data-end=\"1777\"><p data-start=\"1690\" data-end=\"1777\">Die Heilung dauert je nach Hauttyp, K\u00f6rperstelle und Pflegeverhalten unterschiedlich.<\/p><\/li><li data-start=\"1778\" data-end=\"1842\"><p data-start=\"1780\" data-end=\"1842\">Leichte R\u00f6tungen, Spannungsgef\u00fchl oder Juckreiz sind normal.<\/p><\/li><li data-start=\"1843\" data-end=\"1954\"><p data-start=\"1845\" data-end=\"1954\">Bei ungew\u00f6hnlichen Schmerzen, starker Schwellung oder Entz\u00fcndungsanzeichen bitte umgehend R\u00fccksprache halten.<\/p><\/li><\/ul><\/p><\/div>\t\t\n\t\t\t\n        \t\t\t\t<\/div>\n\t\t\t\t<\/div>\n\t\t\t\t\t<\/div>\n\t\t<\/div>\n\t\t\t\t\t<\/div>\n\t\t<\/div>\n\t\t\t\t<div class=\"elementor-section elementor-inner-section elementor-element elementor-element-d19d61e elementor-reverse-mobile elementor-section-boxed elementor-section-height-default elementor-section-height-default\" data-id=\"d19d61e\" data-element_type=\"section\" data-e-type=\"section\">\n\t\t\t\t\t\t<div class=\"elementor-container elementor-column-gap-default\">\n\t\t\t\t\t<div class=\"elementor-column elementor-col-50 elementor-inner-column elementor-element elementor-element-1d1e428\" data-id=\"1d1e428\" data-element_type=\"column\" data-e-type=\"column\">\n\t\t\t<div class=\"elementor-widget-wrap elementor-element-populated\">\n\t\t\t\t\t\t<div class=\"elementor-element elementor-element-74ac97f elementor-widget elementor-widget-artefact-title\" data-id=\"74ac97f\" data-element_type=\"widget\" data-e-type=\"widget\" data-widget_type=\"artefact-title.default\">\n\t\t\t\t<div class=\"elementor-widget-container\">\n\t\t\t\t\t\t\t\n\t\t\t\t\t\t\t\t<h2 class=\"section-title2 text-left\">Piercing Aftercare<\/h2>\n\t\t\t\t\t\t<div class=\"section-text text-left\"><p><h3 data-start=\"522\" data-end=\"552\"><strong data-start=\"526\" data-end=\"552\">Grunds\u00e4tzliche Hygiene<\/strong><\/h3><ul data-start=\"553\" data-end=\"714\"><li data-start=\"553\" data-end=\"644\"><p data-start=\"555\" data-end=\"644\">Ber\u00fchre dein Piercing <strong data-start=\"577\" data-end=\"641\">ausschlie\u00dflich mit gr\u00fcndlich gewaschenen und sauberen H\u00e4nden<\/strong>.<\/p><\/li><li data-start=\"645\" data-end=\"714\"><p data-start=\"647\" data-end=\"714\">Vermeide unn\u00f6tigen Kontakt, Druck oder Manipulation des Schmucks.<\/p><\/li><\/ul><h3 data-start=\"716\" data-end=\"742\"><strong data-start=\"720\" data-end=\"742\">Reinigung &amp; Pflege<\/strong><\/h3><ul data-start=\"743\" data-end=\"1068\"><li data-start=\"743\" data-end=\"883\"><p data-start=\"745\" data-end=\"883\">Reinige das Piercing <strong data-start=\"766\" data-end=\"785\">2\u20133 Mal t\u00e4glich<\/strong> mit einer <strong data-start=\"796\" data-end=\"823\">sterilen Kochsalzl\u00f6sung<\/strong> oder einem vom Studio empfohlenen Piercing Pflegeprodukt.<\/p><\/li><li data-start=\"884\" data-end=\"972\"><p data-start=\"886\" data-end=\"972\">Die Reinigung erfolgt <strong data-start=\"908\" data-end=\"931\">\u00e4u\u00dferlich und sanft<\/strong>, ohne Reiben oder Drehen des Schmucks.<\/p><\/li><li data-start=\"973\" data-end=\"1068\"><p data-start=\"975\" data-end=\"1068\">Krusten oder Ablagerungen vorsichtig einweichen und behutsam entfernen\u00a0<strong data-start=\"1048\" data-end=\"1067\">nicht abkratzen<\/strong>.<\/p><\/li><\/ul><h3 data-start=\"1070\" data-end=\"1108\"><strong data-start=\"1074\" data-end=\"1108\">Was unbedingt zu vermeiden ist<\/strong><\/h3><ul data-start=\"1109\" data-end=\"1470\"><li data-start=\"1109\" data-end=\"1200\"><p data-start=\"1111\" data-end=\"1200\"><strong data-start=\"1111\" data-end=\"1158\">Nicht drehen, verschieben oder herausnehmen<\/strong> des Schmucks w\u00e4hrend der Heilungsphase.<\/p><\/li><li data-start=\"1201\" data-end=\"1290\"><p data-start=\"1203\" data-end=\"1290\">Kein Alkohol, Wasserstoffperoxid, Salben, Cremes oder aggressive Desinfektionsmittel.<\/p><\/li><li data-start=\"1291\" data-end=\"1378\"><p data-start=\"1293\" data-end=\"1378\"><strong data-start=\"1293\" data-end=\"1339\">Kein Schwimmbad, kein See, kein Meerwasser<\/strong>, keine Sauna w\u00e4hrend der Abheilzeit.<\/p><\/li><li data-start=\"1379\" data-end=\"1470\"><p data-start=\"1381\" data-end=\"1470\">Keine stark enganliegende, scheuernde oder verschmutzte Kleidung an der Piercingstelle.<\/p><\/li><\/ul><h3 data-start=\"1472\" data-end=\"1513\"><strong data-start=\"1476\" data-end=\"1513\">Allgemeine Verhaltensempfehlungen<\/strong><\/h3><ul data-start=\"1514\" data-end=\"1841\"><li data-start=\"1514\" data-end=\"1655\"><p data-start=\"1516\" data-end=\"1655\">Verzichte in den ersten Wochen auf intensive sportliche Belastung, sofern Reibung oder Schwei\u00dfbildung die Piercingstelle beeintr\u00e4chtigen.<\/p><\/li><li data-start=\"1656\" data-end=\"1714\"><p data-start=\"1658\" data-end=\"1714\">Achte auf saubere Bettw\u00e4sche, Kleidung und Handt\u00fccher.<\/p><\/li><li data-start=\"1715\" data-end=\"1841\"><p data-start=\"1717\" data-end=\"1841\">Make up, Kosmetik oder Pflegeprodukte d\u00fcrfen nicht mit dem Piercing in Kontakt kommen (insbesondere bei Gesichts Piercings).<\/p><\/li><\/ul><h3 data-start=\"1843\" data-end=\"1864\"><strong data-start=\"1847\" data-end=\"1864\">Heilungsphase<\/strong><\/h3><ul data-start=\"1865\" data-end=\"2155\"><li data-start=\"1865\" data-end=\"1958\"><p data-start=\"1867\" data-end=\"1958\">Die Heilungsdauer variiert je nach K\u00f6rperstelle, Gewebeart und individueller Veranlagung.<\/p><\/li><li data-start=\"1959\" data-end=\"2041\"><p data-start=\"1961\" data-end=\"2041\">Leichte R\u00f6tungen, Druckempfindlichkeit oder minimale Schwellungen sind normal.<\/p><\/li><li data-start=\"2042\" data-end=\"2155\"><p data-start=\"2044\" data-end=\"2155\">Bei starken Schmerzen, anhaltender Schwellung, Eiterbildung oder Fieber bitte umgehend fachlichen Rat einholen.<\/p><\/li><\/ul><h3 data-start=\"2157\" data-end=\"2179\"><strong data-start=\"2161\" data-end=\"2179\">Schmuckwechsel<\/strong><\/h3><ul data-start=\"2180\" data-end=\"2404\"><li data-start=\"2180\" data-end=\"2289\"><p data-start=\"2182\" data-end=\"2289\">Ein Schmuckwechsel darf <strong data-start=\"2206\" data-end=\"2243\">erst nach vollst\u00e4ndiger Abheilung<\/strong> und idealerweise durch das Studio erfolgen.<\/p><\/li><li data-start=\"2290\" data-end=\"2404\"><p data-start=\"2292\" data-end=\"2404\">Eigenst\u00e4ndige Wechsel w\u00e4hrend der Heilungsphase erh\u00f6hen das Risiko von Entz\u00fcndungen und Fehlheilungen erheblich.<\/p><\/li><\/ul><\/p><\/div>\t\t\n\t\t\t\n        \t\t\t\t<\/div>\n\t\t\t\t<\/div>\n\t\t\t\t\t<\/div>\n\t\t<\/div>\n\t\t\t\t<div class=\"elementor-column elementor-col-50 elementor-inner-column elementor-element elementor-element-2705c69\" data-id=\"2705c69\" data-element_type=\"column\" data-e-type=\"column\">\n\t\t\t<div class=\"elementor-widget-wrap elementor-element-populated\">\n\t\t\t\t\t\t<div class=\"elementor-element elementor-element-737a277 elementor-widget__width-initial elementor-widget elementor-widget-artefact-image\" data-id=\"737a277\" data-element_type=\"widget\" data-e-type=\"widget\" data-widget_type=\"artefact-image.default\">\n\t\t\t\t<div class=\"elementor-widget-container\">\n\t\t\t\t\t\t\t\n\t\t\t\t\n\t\t\t<div class=\"sec-img team\">\n\t\t\t\t<div class=\"img\">\n\t\t\t\t\t\t\t\t\n\t\t\t\t\t<img decoding=\"async\" src=\"https:\/\/arthorium.de\/wp-content\/uploads\/2026\/02\/ChatGPT-Image-8.-Feb.-2026-18_32_43.png\" alt=\"\"> \n\t\t\t\t\t\t\n\t\t\t\t<\/div>\t\n\t\t\t<\/div>\t\n\t\t\t\n\t\t\t\t\t\n\t\t\n\t\t\t\n        \t\t\t\t<\/div>\n\t\t\t\t<\/div>\n\t\t\t\t\t<\/div>\n\t\t<\/div>\n\t\t\t\t\t<\/div>\n\t\t<\/div>\n\t\t\t\t\t<\/div>\n\t\t<\/div>\n\t\t\t\t\t<\/div>\n\t\t<\/section>\n\t\t\t\t<section class=\"elementor-section elementor-top-section elementor-element elementor-element-77b2570d elementor-section-boxed elementor-section-height-default elementor-section-height-default\" data-id=\"77b2570d\" data-element_type=\"section\" data-e-type=\"section\" data-settings=\"{&quot;background_background&quot;:&quot;classic&quot;}\">\n\t\t\t\t\t\t\t<div class=\"elementor-background-overlay\"><\/div>\n\t\t\t\t\t\t\t<div class=\"elementor-container elementor-column-gap-default\">\n\t\t\t\t\t<div class=\"elementor-column elementor-col-100 elementor-top-column elementor-element elementor-element-a2cab0a\" data-id=\"a2cab0a\" data-element_type=\"column\" data-e-type=\"column\">\n\t\t\t<div class=\"elementor-widget-wrap elementor-element-populated\">\n\t\t\t\t\t\t<div class=\"elementor-section elementor-inner-section elementor-element elementor-element-5c838cd1 elementor-section-boxed elementor-section-height-default elementor-section-height-default\" data-id=\"5c838cd1\" data-element_type=\"section\" data-e-type=\"section\">\n\t\t\t\t\t\t<div class=\"elementor-container elementor-column-gap-default\">\n\t\t\t\t\t<div class=\"elementor-column elementor-col-50 elementor-inner-column elementor-element elementor-element-683bdbb3\" data-id=\"683bdbb3\" data-element_type=\"column\" data-e-type=\"column\">\n\t\t\t<div class=\"elementor-widget-wrap\">\n\t\t\t\t\t\t\t<\/div>\n\t\t<\/div>\n\t\t\t\t<div class=\"elementor-column elementor-col-50 elementor-inner-column elementor-element elementor-element-474f97fa\" data-id=\"474f97fa\" data-element_type=\"column\" data-e-type=\"column\">\n\t\t\t<div class=\"elementor-widget-wrap\">\n\t\t\t\t\t\t\t<\/div>\n\t\t<\/div>\n\t\t\t\t\t<\/div>\n\t\t<\/div>\n\t\t\t\t\t<\/div>\n\t\t<\/div>\n\t\t\t\t\t<\/div>\n\t\t<\/section>\n\t\t\t\t<section class=\"elementor-section elementor-top-section elementor-element elementor-element-3906a9b9 elementor-section-boxed elementor-section-height-default elementor-section-height-default\" data-id=\"3906a9b9\" data-element_type=\"section\" data-e-type=\"section\">\n\t\t\t\t\t\t<div class=\"elementor-container elementor-column-gap-default\">\n\t\t\t\t\t<div class=\"elementor-column elementor-col-100 elementor-top-column elementor-element elementor-element-2cc98000\" data-id=\"2cc98000\" data-element_type=\"column\" data-e-type=\"column\">\n\t\t\t<div class=\"elementor-widget-wrap elementor-element-populated\">\n\t\t\t\t\t\t<div class=\"elementor-section elementor-inner-section elementor-element elementor-element-de7f477 elementor-section-boxed elementor-section-height-default elementor-section-height-default\" data-id=\"de7f477\" data-element_type=\"section\" data-e-type=\"section\">\n\t\t\t\t\t\t<div class=\"elementor-container elementor-column-gap-no\">\n\t\t\t\t\t<div class=\"elementor-column elementor-col-50 elementor-inner-column elementor-element elementor-element-7379f5e1\" data-id=\"7379f5e1\" data-element_type=\"column\" data-e-type=\"column\">\n\t\t\t<div class=\"elementor-widget-wrap elementor-element-populated\">\n\t\t\t\t\t\t<div class=\"elementor-element elementor-element-5175d9c8 elementor-widget elementor-widget-artefact-clients\" data-id=\"5175d9c8\" data-element_type=\"widget\" data-e-type=\"widget\" data-widget_type=\"artefact-clients.default\">\n\t\t\t\t<div class=\"elementor-widget-container\">\n\t\t\t\t\t\n\t\t<div class=\"sec-clients clients\">\n\t\t\t<div class=\"owl-carousel owl-theme\" data-clients-autoplay=\"true\" data-clients-timeout=\"6000\" data-clients-speed=\"500\" data-clients-dots=\"false\" data-clients-nav=\"false\"    data-rtl=\"false\" data-clients-item=\"5\">\n\t\t\t\t\t\t\t\t<div class=\"clients-logo\">\n\t\t\t\t    \t\t\t\t\t\t\n\t\t\t\t\t<img decoding=\"async\" src=\"https:\/\/arthorium.de\/wp-content\/uploads\/2026\/02\/photo-output-2.png\" alt=\"\">\t\t\t\t\n\t\t\t\t\t\t\t\t\n\t\t\t\t<\/div>\t\n\t\t\t\t\t\t\t\t<div class=\"clients-logo\">\n\t\t\t\t    \t\t\t\t\t<a href=\"https:\/\/www.instagram.com\/arthoriumink\/\" target=\"_self\">\n\t\t\t\t\t\t\t\t\t\t\t\n\t\t\t\t\t<img decoding=\"async\" src=\"https:\/\/arthorium.de\/wp-content\/uploads\/2026\/02\/photo-output-4.png\" alt=\"\">\t\t\t\t\n\t\t\t\t\t\t\t\t\t\t<\/a>\n\t\t\t\t\t\t\t\t\n\t\t\t\t<\/div>\t\n\t\t\t\t\t\t\t\t<div class=\"clients-logo\">\n\t\t\t\t    \t\t\t\t\t<a href=\"https:\/\/www.facebook.com\/profile.php?id=61574995475387\" target=\"_self\">\n\t\t\t\t\t\t\t\t\t\t\t\n\t\t\t\t\t<img decoding=\"async\" src=\"https:\/\/arthorium.de\/wp-content\/uploads\/2026\/02\/photo-output-3.png\" alt=\"\">\t\t\t\t\n\t\t\t\t\t\t\t\t\t\t<\/a>\n\t\t\t\t\t\t\t\t\n\t\t\t\t<\/div>\t\n\t\t\t\t\t\t\t\t<div class=\"clients-logo\">\n\t\t\t\t    \t\t\t\t\t\t\n\t\t\t\t\t<img decoding=\"async\" src=\"https:\/\/arthorium.de\/wp-content\/uploads\/2026\/02\/Design-ohne-Titel-2026-02-07T103312.323.png\" alt=\"\">\t\t\t\t\n\t\t\t\t\t\t\t\t\n\t\t\t\t<\/div>\t\n\t\t\t\t\t\t\t\t<div class=\"clients-logo\">\n\t\t\t\t    \t\t\t\t\t\t\n\t\t\t\t\t<img decoding=\"async\" src=\"https:\/\/arthorium.de\/wp-content\/uploads\/2026\/02\/Design-ohne-Titel-2026-02-07T102725.655.png\" alt=\"\">\t\t\t\t\n\t\t\t\t\t\t\t\t\n\t\t\t\t<\/div>\t\n\t\t\t\t\t\t\t<\/div>\t\t\n\t\t<\/div>\t\t\n\n        \t\t\t\t<\/div>\n\t\t\t\t<\/div>\n\t\t\t\t\t<\/div>\n\t\t<\/div>\n\t\t\t\t<div class=\"elementor-column elementor-col-50 elementor-inner-column elementor-element elementor-element-3f9dfbb5\" data-id=\"3f9dfbb5\" data-element_type=\"column\" data-e-type=\"column\">\n\t\t\t<div class=\"elementor-widget-wrap elementor-element-populated\">\n\t\t\t\t\t\t<div class=\"elementor-element elementor-element-141c6b1e elementor-widget elementor-widget-artefact-testimonials\" data-id=\"141c6b1e\" data-element_type=\"widget\" data-e-type=\"widget\" data-widget_type=\"artefact-testimonials.default\">\n\t\t\t\t<div class=\"elementor-widget-container\">\n\t\t\t\t\t\n\t\t<div class=\"sec-testimonials testimonials\">\n\t\t\t<div class=\"testimonials-box\">\n\t\t\t\t<div class=\"owl-carousel owl-theme\" data-testimonials-autoplay=\"false\" data-testimonials-timeout=\"6000\" data-testimonials-speed=\"500\" data-testimonials-dots=\"false\" data-testimonials-nav=\"false\"    data-rtl=\"false\">\n\t\t\t\t\t\t\t\t\t\t<div class=\"item\"> \n\t\t\t\t\t    <span class=\"quote\"><img decoding=\"async\" src=\"https:\/\/arthorium.de\/wp-content\/themes\/artefact\/includes\/images\/quot.png\" alt=\"Quote\"><\/span>\n\t\t\t\t\t\t\t\t\t\t\t\t<p class=\"v-border\">Bei Arthorium Ink garantieren wir jederzeit kompromisslos h\u00f6chste Hygienestandards auf medizinischem Niveau.<\/p>\n\t\t\t\t\t\t\t\t\t\t\t\t\t\t\t\t\t\t<div class=\"info\">\n\t\t\t\t\t\t    \t\t\t\t\t\t\t<div class=\"author-img\"> <img decoding=\"async\" src=\"https:\/\/arthorium.de\/wp-content\/uploads\/2026\/02\/IMG_8008.jpg\" alt=\"\"> <\/div>\n\t\t\t\t\t\t\t\t\t\t\t\t\t\t<div class=\"cont\">\t\t\t\t\t\t\t    \n\t\t\t\t\t\t\t\t<h6>Diana Auerbach<\/h6> <span>Gesch\u00e4ftsf\u00fchrerin<\/span> \t \n\t\t\t\t\t\t\t<\/div>\n\t\t\t\t\t\t<\/div>\n                        \t\t\t\t\t<\/div>\t\n\t\t\t\t\t\t\t\t\t\t<div class=\"item\"> \n\t\t\t\t\t    <span class=\"quote\"><img decoding=\"async\" src=\"https:\/\/arthorium.de\/wp-content\/themes\/artefact\/includes\/images\/quot.png\" alt=\"Quote\"><\/span>\n\t\t\t\t\t\t\t\t\t\t\t\t<p class=\"v-border\">Arthorium Ink, Arbeitet erfolgt konsequent nach h\u00f6chsten professionellen Standards<\/p>\n\t\t\t\t\t\t\t\t\t\t\t\t\t\t\t\t\t\t<div class=\"info\">\n\t\t\t\t\t\t    \t\t\t\t\t\t\t<div class=\"author-img\"> <img decoding=\"async\" src=\"https:\/\/arthorium.de\/wp-content\/uploads\/2026\/02\/Design-ohne-Titel-2026-02-07T105259.900.png\" alt=\"\"> <\/div>\n\t\t\t\t\t\t\t\t\t\t\t\t\t\t<div class=\"cont\">\t\t\t\t\t\t\t    \n\t\t\t\t\t\t\t\t<h6>Arthur<\/h6> \t \n\t\t\t\t\t\t\t<\/div>\n\t\t\t\t\t\t<\/div>\n                        \t\t\t\t\t<\/div>\t\n\t\t\t\t\t\t\t\t\t<\/div>\t\t\n\t\t\t<\/div>\t\t\n\t\t<\/div>\t\t\t\n\n        \t\t\t\t<\/div>\n\t\t\t\t<\/div>\n\t\t\t\t\t<\/div>\n\t\t<\/div>\n\t\t\t\t\t<\/div>\n\t\t<\/div>\n\t\t\t\t\t<\/div>\n\t\t<\/div>\n\t\t\t\t\t<\/div>\n\t\t<\/section>\n\t\t\t\t<\/div>\n\t\t","protected":false},"excerpt":{"rendered":"<p>Home \/ Aftercare Tattoo &#038; Piercing Pflege Hier erkl\u00e4ren wir dir die richtige Pflege, f\u00fcr dein Tattoo und dein Piercing. Mit der passenden Nachsorge heilen beide sauber ab und bleiben langfristig sch\u00f6n. Tattoo Pflege Allgemeine Grundregeln Ber\u00fchre dein frisches Tattoo oder Piercing ausschlie\u00dflich mit sauberen, gr\u00fcndlich gewaschenen H\u00e4nden. Halte den behandelten Bereich stets sauber und hygienisch. Reinigung Reinige das Tattoo<\/p>\n","protected":false},"author":1,"featured_media":0,"parent":0,"menu_order":0,"comment_status":"closed","ping_status":"closed","template":"","meta":{"om_disable_all_campaigns":false,"_monsterinsights_skip_tracking":false,"_monsterinsights_sitenote_active":false,"_monsterinsights_sitenote_note":"","_monsterinsights_sitenote_category":0,"footnotes":""},"class_list":["post-877","page","type-page","status-publish","hentry"],"aioseo_notices":[],"_links":{"self":[{"href":"https:\/\/arthorium.de\/index.php\/wp-json\/wp\/v2\/pages\/877","targetHints":{"allow":["GET"]}}],"collection":[{"href":"https:\/\/arthorium.de\/index.php\/wp-json\/wp\/v2\/pages"}],"about":[{"href":"https:\/\/arthorium.de\/index.php\/wp-json\/wp\/v2\/types\/page"}],"author":[{"embeddable":true,"href":"https:\/\/arthorium.de\/index.php\/wp-json\/wp\/v2\/users\/1"}],"replies":[{"embeddable":true,"href":"https:\/\/arthorium.de\/index.php\/wp-json\/wp\/v2\/comments?post=877"}],"version-history":[{"count":13,"href":"https:\/\/arthorium.de\/index.php\/wp-json\/wp\/v2\/pages\/877\/revisions"}],"predecessor-version":[{"id":1598,"href":"https:\/\/arthorium.de\/index.php\/wp-json\/wp\/v2\/pages\/877\/revisions\/1598"}],"wp:attachment":[{"href":"https:\/\/arthorium.de\/index.php\/wp-json\/wp\/v2\/media?parent=877"}],"curies":[{"name":"wp","href":"https:\/\/api.w.org\/{rel}","templated":true}]}}